*m - 5328 = -p + 3392, 26130 = 3*p + 5*m. Is p a prime number?
False
Suppose f - 4 - 12 = 0. Let h = 31 - f. Is h composite?
True
Suppose 5*c = 4*y + 244, c - 3*y = -0*y + 40. Suppose -c = -0*j - 4*j. Is j a prime number?
True
Let u = 39 - 42. Is 4 - (-1382 - -2) - u prime?
False
Suppose -2*s + 4*z + 45 = 17, 2*s - 34 = z. Let t = s - 13. Suppose t*h + 4*l = 2*h + 1857, -5*h + 3127 = -4*l. Is h a prime number?
False
Let d(w) = 3*w**3 + 4*w**2 - 4. Let v be d(-2). Is (v/(-60))/((-3)/(-8115)) composite?
False
Suppose -4 = -5*w + 6. Suppose -6317 = -w*k - 3*y, 3154 = -0*k + k + 3*y. Is k composite?
False
Suppose 2*m = -2*m + 8, 0 = d - 4*m - 16683. Is d composite?
False
Let p(x) = x**3 + 13*x**2 + 7*x + 13. Suppose 3*g + b + 21 = 4*b, -20 = 5*b. Is p(g) a composite number?
True
Suppose -d + 3 = 0, c = 4*c + d - 57. Let u = -18 + c. Suppose q + u*q + o - 23 = 0, 3*q = 2*o + 49. Is q composite?
False
Let t = -18 - -13. Let n = t - -70. Is n composite?
True
Let x(f) = -f - 7. Let m be x(-9). Suppose 5*j - 2753 = 4*q, m*j + 117 = -3*q + 1232. Is j a composite number?
True
Suppose 53745 = 4*m - 62563. Is m prime?
True
Suppose 2*h - 2*y - 33466 = 0, -50199 = 4*h - 7*h - 2*y. Is h a composite number?
True
Let d(f) = 7*f**3 - 12*f**2 - 8*f + 11. Is d(10) a composite number?
True
Suppose 0*n - 5*n = 5. Let m = 4 - n. Suppose -m*l - 5*w + 455 = 0, 3*l + 2*w = -0*l + 277. Is l composite?
True
Suppose 10 = -2*g - 0*g - 3*w, -3*g = 5*w + 16. Let n be (-8)/(-16) + 1/g. Suppose -4*u + 3173 = 5*k, 3*k - k - 4*u - 1258 = n. Is k composite?
True
Suppose -5*f - 1213 = -338. Let j = f + 246. Is j a composite number?
False
Let z(q) = -3*q**2 + 4*q - 2. Let a be z(2). Let p(k) = -74*k + 7. Is p(a) composite?
True
Let i = 22 - -2313. Suppose 5*w - 2*w - i = x, 0 = 2*w + 4*x - 1552. Suppose o - w = -o. Is o composite?
False
Suppose 8*z - 4*z + 16 = 0. Let k(d) = 146*d**2 - 5*d + 3. Is k(z) a prime number?
False
Suppose -260*y + 135245 = -255*y. Is y prime?
False
Suppose -4*i - 3279 = -5*n, n + i - 526 - 137 = 0. Is n prime?
True
Let n = 14583 - 2984. Is n a prime number?
False
Let u(b) = 12*b - 1. Let l be 3/9 - (-2)/3. Let o be u(l). Suppose -6*m - 635 = -o*m. Is m composite?
False
Let b = -1829 - -2647. Is b a prime number?
False
Let s = 27370 + -19289. Is s a prime number?
True
Let i = -11147 - -17392. Is i a composite number?
True
Suppose 2*b = -8, 0 = -q + 4*b + 990 + 2163. Is q a composite number?
False
Suppose -17*n = 7*n - 241464. Is n a composite number?
False
Let d(g) = 16*g**2 - 34*g + 79. Is d(28) prime?
False
Let q be 4/(-4*2/4). Let w be 2/q*0/(-11). Suppose 0*a - 2*a + 2*p + 220 = w, 2*p - 216 = -2*a. Is a prime?
True
Let l(z) = z**3 + 5*z**2 - 7*z. Suppose 2*x - 24 = 5*w, 3*w - 2*x = -w - 18. Let d be l(w). Let p(o) = 20*o - 2. Is p(d) a prime number?
False
Let v be (-6)/(1 + -2) + -2. Let t be v/(-2) - (-143 + -4). Let q = t - 26. Is q a prime number?
False
Is ((-224)/(-8))/(-7) + 309 + 2 a composite number?
False
Let o = 22450 + -15503. Is o composite?
False
Let x be (-1)/(-1)*149/1. Suppose 4*a - 119 - x = 0. Is a a composite number?
False
Let l be 0 - -1 - (1 + -3). Suppose -717 = -l*g - 108. Is g a prime number?
False
Let h(g) = -8*g - 14*g - 10 - 5*g. Is h(-7) composite?
False
Let h be (1 - 803)*(-1)/(-2). Let g = h - -708. Is g a prime number?
True
Let k(p) = 406*p**3 - p**2 + 7. Is k(2) prime?
True
Suppose 2*h - 7*j = 64801, h - 10*j = -9*j + 32398. Is h prime?
False
Let f be (35/10 + -1)*18/5. Let a(i) = -2*i + 2. Let l be a(-6). Suppose l*z - f*z - 2585 = 0. Is z a prime number?
False
Let s be 6/(-3 + 5) + 6329. Let m(a) = 5*a - 7. Let n be m(2). Suppose -s = -r - n*r. Is r a prime number?
True
Let n be (30/(-2))/3*2. Let q(b) = b**3 + 7*b**2 - 14*b - 15. Let z be q(n). Is (5 + -2 - z)/2 prime?
True
Let r(m) be the third derivative of 11*m**5/15 - 11*m**4/24 + m**3/3 - 28*m**2. Is r(-9) composite?
True
Suppose a + 2790 = 4*p, 299 - 1004 = -p + 4*a. Let b = -498 + p. Is b prime?
True
Let h(y) be the third derivative of y**5/20 + y**4/6 + y**3/6 - 2*y**2. Is h(10) a prime number?
False
Let j(g) = -4*g**2 - 4 + g + 8*g**2 - 10*g. Is j(-6) a composite number?
True
Let m(w) = -5*w**2 - 7*w + 12. Let d(c) = c**2 + c. Let l(t) = 6*d(t) + m(t). Is l(-13) composite?
True
Suppose -2*r - 3 - 22 = 5*n, -3*r + 5 = -n. Suppose r = m - 888 + 241. Is m a prime number?
True
Suppose 2*t - 3*p - 23808 = 0, 3*t - 5*p - 2*p = 35717. Is t a prime number?
False
Let j be ((-72)/20)/(9/(-30)). Suppose -j*o + 10*o + 602 = 0. Is o a prime number?
False
Let o be (-2)/8 - 68/(-16). Suppose 0 = 5*m + 5, o*a - 1465 = -5*m + 474. Suppose t + 4*y + a = 3*t, -1187 = -5*t + 3*y. Is t prime?
False
Let d = 3374 + 79. Suppose -2*v + 3*o = -8018 - d, -5*v + 4*o = -28681. Is v prime?
True
Let x = -4338 - -6305. Is x a prime number?
False
Let s be 6/7*7/1. Let j(h) = -16*h + 8. Let b(t) = t + 1. Let q(l) = 5*b(l) - j(l). Is q(s) a prime number?
False
Suppose 2*t - 5 - 5 = 0. Suppose 811 + 391 = x + t*q, x + 3*q = 1192. Is x a composite number?
True
Suppose -2*s = -4*a + 4, 0 = -a - 4*a - 4*s + 18. Suppose -4*i - 58 = -x, -a*i + 3*x - 9 = -i. Let t = 34 + i. Is t a composite number?
False
Is 23934/(-4)*(-28)/42 prime?
True
Let d(r) be the second derivative of r**4/12 - 7*r**3/6 + 5*r**2/2 - 6*r. Suppose h - 4 = 0, -5*j - h - 2 = -51. Is d(j) a prime number?
True
Let q(k) = -144*k + 49. Is q(-15) a composite number?
True
Let z = -39773 - -68286. Is z a composite number?
False
Let c be 551/(-2) + 16/(-32). Let k = c - -679. Is k a prime number?
False
Suppose 80*l - 811449 = 589591. Is l composite?
True
Let s(r) = -r**3 - 2*r**2 + 4*r + 4. Let d be s(-3). Suppose -4*o + 5 = -h, -h + 2*h - 2*o + d = 0. Is (-2288)/(-12) + h/9 a prime number?
True
Suppose -5*o - 9 + 29 = 0. Suppose -s = o - 7. Is s a composite number?
False
Let i(o) = o**2 - o - 10. Let y be i(-2). Let d(v) = 43*v**2 + 3*v - 3. Is d(y) composite?
False
Let y(o) = -2*o + 17. Let l be y(-10). Let s = -33 + l. Suppose -5*d + 3*h = -1907, 4*d - 1596 + 96 = -s*h. Is d a composite number?
False
Let n(l) = 197*l**3 + 4*l**2 + 19*l - 113. Is n(10) prime?
False
Let b be 2/(-3) + (-77)/(-21). Suppose b*m + 25 = 2*h, 0*h - 20 = -2*h + 2*m. Suppose -h*x + 236 = -1019. Is x a prime number?
True
Let x = 1374 - -557. Is x prime?
True
Let k(q) = -q**3 - 5*q**2 - 6*q - 7. Let c(r) = -r**2. Let x(w) = -c(w) - k(w). Let j be x(-5). Suppose -j*u = -50 - 48. Is u a prime number?
False
Let h be ((-100296)/15)/(-4) + (-4)/(-10). Suppose 2*z + h - 5642 = 0. Is z prime?
False
Let m be (5 + -3)*(-2)/(-4)*1. Is 0 + m/((-5)/(-4195)) a prime number?
True
Let h(v) = -9*v**2 + 19*v + 3. Let a be h(-19). Let s = -1784 - a. Is s a prime number?
True
Let y(p) = 307*p - 15. Let u be (-3 - -2)*4/(-1)*1. Is y(u) composite?
False
Suppose -f + 4*f - 4*s - 81615 = 0, -5*f = -3*s - 136014. Is f a composite number?
True
Let b(m) be the second derivative of m**5/20 + 19*m**4/12 + m**3/3 - 7*m**2/2 + 32*m. Is b(-9) a prime number?
False
Is 1 + ((-12)/(-6) - -26756) a composite number?
False
Suppose -21 = w - 2*j + j, 3*w + 4*j + 84 = 0. Let l be ((-30)/4)/(18/w). Is l/(-5) - (-2 + -191) a composite number?
False
Suppose 0 = -0*x + 2*x + 5*s + 19, s - 4 = -3*x. Suppose -x*o + 12 = -0. Suppose 3*m - 1895 = -4*n, -m + 492 = -o*n - 145. Is m a prime number?
False
Let d be (5/20 - 5/4) + 3. Suppose 0 = 2*h + 5*p - 355 - 12, 6 = -d*p. Is h a composite number?
False
Let a(z) = -z - 4. Let p be a(4). Let i(t) = -t - 5. Let g be i(p). Suppose y = g + 31. Is y a prime number?
False
Suppose -2*j = 3*j + 5*o - 2960, 4*o - 1780 = -3*j. Let f = j - 403. Is f composite?
True
Let q(h) = 8*h - 3. Let c(u) = -8*u + 3. Let b(g) = 3*c(g) + 2*q(g). Is b(-1) a composite number?
False
Let x = -1683 - -7804. Is x a composite number?
False
Suppose l + 5 = 4*j, -5*j - 4 = 2*l - 20. Let d be 2*j/(-4)*5. Let b(w) = -w**2 - 12*w + 2. Is b(d) a prime number?
True
Suppose -4*o - o - 15840 = 0. Let s = -2071 - o. Is s prime?
True
Suppose -3*q - 9*d = -4*d - 128726, 4*d = 3*q - 128771. Is q a composite number?
True
Is 494/(-14)*-278 - (-675)/(-1575) a prime number?
False
Let d(u) = -18*u + 25. Let z(t) = 17*t - 24. Let q(m) = -5*d(m) - 4*z(m). Is q(15) prime?
False
Let i(s) = -27 + s**2 + 48*s +